er?
True
Is 65809 prime?
True
Is 34621 prime?
False
Is 381841 prime?
True
Is 8746 prime?
False
Is 2872219 a prime number?
False
Is 2609 prime?
True
Is 590185 prime?
False
Is 2993 a prime number?
False
Is 10723 a prime number?
True
Is 2155 composite?
True
Is 316655 a composite number?
True
Is 22121 a prime number?
False
Is 269507 composite?
True
Is 75687 prime?
False
Is 130319 prime?
False
Is 5773 a prime number?
False
Is 20477 prime?
True
Is 17747 prime?
True
Is 52213 a composite number?
True
Is 50117 a composite number?
True
Is 201673 prime?
True
Is 897763 composite?
True
Is 97873 a composite number?
True
Is 61141 a composite number?
False
Is 138917 a prime number?
True
Is 451355 prime?
False
Is 99959 composite?
True
Is 139067 composite?
False
Is 11131 prime?
True
Is 391679 composite?
False
Is 399881 a prime number?
False
Is 903251 a composite number?
False
Is 247523 composite?
True
Is 296531 composite?
True
Is 119 prime?
False
Is 2159 a composite number?
True
Is 16729 composite?
False
Is 422677 a prime number?
False
Is 344791 composite?
False
Is 75343 a composite number?
True
Is 2202071 composite?
True
Is 49103 a prime number?
True
Is 10243 composite?
False
Is 32671 prime?
False
Is 33227 composite?
True
Is 805789 a prime number?
True
Is 106309 a composite number?
True
Is 12055 composite?
True
Is 144301 a composite number?
True
Is 23719 prime?
True
Is 17903 prime?
True
Is 439411 composite?
True
Is 5711 prime?
True
Is 12013 a prime number?
False
Is 874883 a prime number?
False
Is 205429 a composite number?
True
Is 56569 composite?
False
Is 26045 composite?
True
Is 179182 a prime number?
False
Is 40903 a prime number?
True
Is 1300367 a prime number?
True
Is 5017 composite?
True
Is 2266313 prime?
False
Is 229681 prime?
True
Is 57367 a composite number?
False
Is 2503 prime?
True
Is 64679 composite?
False
Is 154465 prime?
False
Is 1111901 a prime number?
False
Is 142529 prime?
True
Is 701 a composite number?
False
Is 1070767 prime?
False
Is 5263 prime?
False
Is 1620881 prime?
True
Is 376537 composite?
True
Is 575305 prime?
False
Is 191 prime?
True
Is 1597489 composite?
False
Is 1076083 a prime number?
False
Is 145771 prime?
True
Is 6749 composite?
True
Is 899377 a prime number?
False
Is 56213 composite?
True
Is 220291 a composite number?
False
Is 213623 composite?
False
Is 189653 a prime number?
True
Is 16495 composite?
True
Is 42751 composite?
False
Is 6803 prime?
True
Is 59771 a composite number?
False
Is 20663 prime?
True
Is 51031 a composite number?
False
Is 31757 a composite number?
True
Is 36629 composite?
False
Is 16729 a composite number?
False
Is 6437 a prime number?
False
Is 119539 a composite number?
True
Is 19709 prime?
True
Is 65647 composite?
False
Is 3761 composite?
False
Is 40283 prime?
True
Is 622289 composite?
True
Is 3557 a composite number?
False
Is 150431 prime?
True
Is 7148507 prime?
False
Is 10937 a prime number?
True
Is 512531 a composite number?
False
Is 9923 a composite number?
False
Is 133831 a composite number?
False
Is 1219 prime?
False
Is 68803 prime?
False
Is 20873 composite?
False
Is 16217 a prime number?
True
Is 37747 a composite number?
False
Is 15929 prime?
False
Is 96043 prime?
True
Is 307569 prime?
False
Is 1651151 a composite number?
False
Is 50017 composite?
True
Is 9091 a prime number?
True
Is 7747 prime?
False
Is 109937 prime?
True
Is 3439001 composite?
False
Is 33574 composite?
True
Is 253081 a prime number?
True
Is 968611 composite?
True
Is 872411 prime?
True
Is 23699 a prime number?
False
Is 231397 a prime number?
False
Is 1541 composite?
True
Is 567367 a composite number?
False
Is 205817 composite?
False
Is 2316421 a composite number?
False
Is 1067 a composite number?
True
Is 82163 prime?
True
Is 3251 a composite number?
False
Is 26669 composite?
False
Is 29983 a composite number?
False
Is 86923 prime?
True
Is 15815 a composite number?
True
Is 1243 a prime number?
False
Is 82129 composite?
False
Is 29069 composite?
True
Is 56081 prime?
True
Is 595447 a composite number?
True
Is 31957 prime?
True
Is 37781 composite?
False
Is 118361 a prime number?
True
Is 2129 prime?
True
Is 5981 prime?
True
Is 1506062 prime?
False
Is 2491589 composite?
False
Is 4873 composite?
True
Is 1079259 prime?
False
Is 791 composite?
True
Is 12979 a prime number?
True
Is 1433599 a prime number?
False
Is 12473 prime?
True
Is 1277267 a prime number?
True
Is 8779 composite?
False
Is 872071 prime?
True
Is 61331 a composite number?
False
Is 887 composite?
False
Is 66029 composite?
False
Is 733507 prime?
False
Is 47605 a prime number?
False
Is 65542 a prime number?
False
Is 10717 prime?
False
Is 19697 prime?
True
Is 787 composite?
False
Is 2683 a composite number?
False
Is 11062 composite?
True
Is 12821 composite?
False
Is 587849 composite?
False
Is 3643 prime?
True
Is 13709 a prime number?
True
Is 10037 composite?
False
Is 422179 composite?
True
Is 953 a prime number?
True
Is 2685073 prime?
True
Is 1619663 a prime number?
True
Is 213823 a composite number?
True
Is 47681 composite?
False
Is 6449 prime?
True
Is 6081 composite?
True
Is 163187 prime?
False
Is 16565 a prime number?
False
Is 2361 a prime number?
False
Is 144257 composite?
True
Is 20323 prime?
True
Is 3413 prime?
True
Is 17165 composite?
True
Is 101253 a prime number?
False
Is 336101 prime?
True
Is 608357 prime?
True
Is 349787 composite?
False
Is 8677 a composite number?
False
Is 8521 a composite number?
False
Is 60427 prime?
True
Is 649457 prime?
True
Is 301445 a composite number?
True
Is 132567 a composite number?
True
Is 2681534 a composite number?
True
Is 89753 composite?
False
Is 67387 a prime number?
False
Is 961 composite?
True
Is 1973 a composite number?
False
Is 141385 composite?
True
Is 1519831 prime?
True
Is 2927 a prime number?
True
Is 179093 composite?
True
Is 1085957 prime?
True
Is 1111 composite?
True
Is 20873 a prime number?
True
Is 610231 a prime number?
False
Is 1041559 a composite number?
False
Is 748123 a prime number?
False
Is 14759 composite?
False
Is 1637 composite?
False
Is 10007 a prime number?
True
Is 136727 prime?
True
Is 216829 a prime number?
True
Is 2351771 composite?
False
Is 68261 a composite number?
False
Is 106651 a prime number?
False
Is 146843 a prime number?
True
Is 10837 a composite number?
False
Is 37189 prime?
True
Is 3113023 prime?
False
Is 1937 a prime number?
False
Is 10519 a prime number?
False
Is 152897 a composite number?
False
Is 81961 composite?
True
Is 59233 a composite number?
False
Is 217873 a prime number?
False
Is 5855 composite?
True
Is 253033 a composite number?
True
Is 229882 composite?
True
Is 449 a prime number?
True
Is 393901 prime?
True
Is 6761 a composite number?
False
Is 6319 a composite number?
True
Is 48211 a prime number?
False
Is 4367 a prime number?
False
Is 5921 a composite number?
True
Is 172739 prime?
False
Is 104063 a prime number?
False
Is 20609 composite?
True
Is 1979533 a composite number?
True
Is 4198 a prime number?
False
Is 108707 composite?
False
Is 11203 prime?
False
Is 269191 prime?
False
Is 5599 a composite number?
True
Is 116995 composite?
True
Is 32141 a prime number?
True
Is 836567 prime?
True
Is 110402 a composite number?
True
Is 501949 a composite number?
True
Is 55067 composite?
True
Is 29849 composite?
True
Is 15191 prime?
False
Is 4271 a prime number?
True
Is 12071 composite?
False
Is 18847 prime?
False
Is 706313 composite?
False
Is 5483 a prime number?
True
Is 30826 prime?
False
Is 25271 a prime number?
False
Is 6491 a prime number?
True
Is 436127 a prime number?
True
Is 2735 a prime number?
False
Is 450533 a prime number?
True
Is 11149 a composite number?
False
Is 30939 a composite number?
True
Is 20639 a composite number?
False
Is 143947 a composite number?
False
Is 80499 a prime number?
False
Is 975543 a composite number?
True
Is 12557 prime?
False
Is 374461 composite?
False
Is 150433 a prime number?
False
Is 43889 prime?
True
Is 5519 a prime number?
True
Is 45751 composite?
False
Is 200227 a composite number?
False
Is 11377 a prime number?
False
Is 29081 composite?
True
Is 553439 composite?
False
Is 511033 a prime number?
True
Is 100207 a composite number?
False
Is 3407 a prime number?
True
Is 5199 composite?
True
Is 230639 composite?
True
Is 136299 a composite number?
True
Is 1